-3
Let k(v) = v**3 + 2*v**2 + 2*v. Let j(r) = r. Let q(b) = j(b) + k(b). Give q(-2).
-6
Suppose -5*h = -3*z + 83, -5*z = -4*h - 53 - 16. Let r = -30 - h. Let a be (-46)/r - (-6)/(-21). Let v(d) = -d**2 + 3*d - 3. What is v(a)?
-3
Suppose -9*t + 0*t - 81 = 0. Let z(k) = k**2 + 10*k + 8. What is z(t)?
-1
Let m(z) = z**3 - 3*z**2 - 4*z - 1. Let s be m(4). Let l be (-2 - -4 - 0)*s. Let o(i) = -2*i + 2. Give o(l).
6
Suppose 0 = 6*n - 10*n - 16. Let k(h) = 4*h + 6. Give k(n).
-10
Let b(l) = -l**2 + 3*l. Let h(t) = -t**2 + 7*t - 2. Let u be h(5). Suppose -7 = -3*k - 2*g, -3*k + 5*g + u = -2*k. What is b(k)?
0
Let h(z) = z + 3. Let l be h(-8). Let q be (-1 - -2)*(4 + l). Let p(g) = 2*g**3 - g - 1. Calculate p(q).
-2
Let w(p) = -p - 3. Let i be w(3). Let a(d) = -2*d**3 + 4*d**2 + 2*d + 5. Let q(n) = 3*n**3 - 3*n**2 - n - 5. Let b(c) = -4*a(c) - 3*q(c). What is b(i)?
-11
Let s be 4/2*(-16)/32. Let m = s + -5. Let a(c) = c**2 + 6*c. Give a(m).
0
Let c(b) = -b**3 - b**2 + b + 7. Let h(x) = -6*x - 9. Let v(s) = -s. Let q(m) = h(m) - 3*v(m). Let t be q(-3). What is c(t)?
7
Let i(a) = -4*a**3 - 5*a**2 + a - 1. Let q(k) = 4*k**3 + 4*k**2 + 1. Let x(n) = -2*i(n) - 3*q(n). What is x(-1)?
3
Let l be 4 - 2 - 3/(1 - 0). Let z(y) = 4*y**2 + 1. Give z(l).
5
Let g(b) = -7*b - 1. Let s(u) = 2*u + 7. Let z be s(-5). Let n(t) = 8*t + 2. Let k(f) = z*g(f) - 2*n(f). What is k(1)?
4
Let c(h) = h**3 + h**2 + 11. Let j be c(0). Let v = j + 9. Let t be (-5)/v - 19/4. Let z(y) = y**2 + 5*y - 5. What is z(t)?
-5
Let q(s) = s**3 + s**2 + s + 2. Let n(p) = 2*p**2 - 5*p + 1. Let o be n(1). What is q(o)?
-4
Let s(c) = -c**2 - 10*c - 11. Let u(h) = -h**2 - 5*h - 8. Let n be u(-5). Calculate s(n).
5
Let d(b) = b**3 + 5*b**2 + 4*b - 6. Let j(r) = 2*r**3 + 6*r**2 + 5*r - 7. Let o(m) = -6*d(m) + 5*j(m). Determine o(-1).
-4
Let p(c) = c - 4. Let j(u) = -u + 19. Let v be j(22). Determine p(v).
-7
Suppose -5*p + 11 = -4*p. Let h = 8 - p. Let y(x) = 2*x - 3. Give y(h).
-9
Let y(p) be the third derivative of p**5/60 - p**4/4 + p**3 + p**2. Let i be (-8)/(-14) + 312/91. Give y(i).
-2
Suppose -13 = -2*k + l + 2*l, 5*k + 4*l - 21 = 0. Suppose -20 = k*u - 0*r - 2*r, 5*r - 29 = 2*u. Let p(i) = 3*i**2 + i + 2. Calculate p(u).
12
Let v = 8 + -5. Suppose k + 2*c + 3 = 0, v*k - 15 = 2*c - 0*c. Let g(d) = 2 + d**2 + 3*d + 0*d - k. Give g(-4).
3
Let i(l) = -l. Let f be i(6). Let c(k) = k + 15. Let r(g) = -g - 14. Let s(v) = 6*c(v) + 7*r(v). What is s(f)?
-2
Suppose 2*y = -10, 0 = 3*o + y - 40 - 24. Let b(g) = -20 + 4*g**3 - 7*g**2 + o + 5*g - 3*g**3. Determine b(6).
-3
Let c = 5 + 0. Let a(n) = 1 + 3 + n - 3. Let j(t) = 2*t + 4. Let f(l) = -3*a(l) + j(l). Calculate f(c).
-4
Let z(q) = -q**2 + 2. Let s(x) = 4*x + 1. Let p be s(-1). Determine z(p).
-7
Let l(z) = 5*z + 1. Let o(v) = v**3 - 8*v**2 + v - 11. Let r be o(8). Give l(r).
-14
Suppose -18 + 3 = 5*j. Let g be 3/9 - (-1)/j. Let k(p) be the second derivative of p**5/20 - p**3/6 + 3*p**2 - 5*p. Determine k(g).
6
Let u(x) = -x**3 - 3*x**2 - 2*x + 2. Let l(i) = -i**2 + 6*i - 4. Let y be l(6). Let g = y - -1. What is u(g)?
8
Let s be ((-24)/20)/((-6)/(-15)). Let h(w) = -2*w**3 - 4*w**2 - 4*w - 1. Let k(j) = -j**3 - 4*j**2 - 4*j - 1. Let c(r) = s*k(r) + 2*h(r). What is c(5)?
-4
Suppose -23 = -4*m + n, 2*n + 3*n = 5*m - 40. Suppose 0 = -p - 3 + m. Let a(t) = t. Determine a(p).
2
Suppose 0*r = -4*r. Let m(z) = 5*z**2 - 2*z**2 - 4*z**2 + r*z**2 - 7*z. Let t = -7 + 2. Determine m(t).
10
Let w be (-5)/25 + (-22)/(-10). Suppose 2*z + a - w = -0*z, 4*z - 4 = 5*a. Let i(c) be the first derivative of -c**4 - c + 2. Calculate i(z).
-5
Let g(b) = 3*b**2 + b + 1. Let y = 125 - 127. What is g(y)?
11
Suppose 2*u = 0, -6*p + 24 = -2*p + 3*u. Let w = p - 9. Let k(o) = o**2 + 3*o - 3. Give k(w).
-3
Let j(z) = 2*z + 2. Let p(g) = -1. Let c(r) = 6*r + 26. Let u(o) = 2*c(o) + 18*p(o). Let s(v) = -v - 3. Let w(f) = -68*s(f) - 6*u(f). Let i be w(1). Give j(i).
-6
Let q(o) = 4*o - 3. Let y(b) be the first derivative of 7*b**2/2 - 5*b - 6. Let s(h) = 5*q(h) - 3*y(h). Determine s(-2).
2
Let y be (-18)/4 + 3/(-6). Suppose 5*t - 4*s = 26, 3*t = t - s + 13. Let j(k) = k**2 + t*k + 4 - 1 + 2. Calculate j(y).
0
Let z(w) be the first derivative of 5 - 1/3*w**3 + 1/2*w**2 - w. Let b = 5 + -3. What is z(b)?
-3
Let y(b) = -b**2 + 8*b + 12. Let g be y(9). Let f(h) be the first derivative of -h**3/3 + h**2/2 - 4*h - 4. What is f(g)?
-10
Let i(b) = b - 1. Let d be i(-1). Let q be 4*(3/d + 2). Let h(z) = 3*z - 4*z + 0*z**2 - 2 - z**q. What is h(-2)?
-4
Let t(m) = 4*m + 11. Let q(b) = 3*b + 10. Let c(r) = 7*q(r) - 6*t(r). What is c(3)?
-5
Let x = -10 - -12. Let b(w) = -5*w**2 + w**2 + 2 + 2*w**2 + 0 + x*w. Determine b(2).
-2
Let r be 4/(-16) - (-26)/8. Let g = r - 1. Let k(o) = 2 + o + 5 - g*o. What is k(5)?
2
Let j(g) = 2 - 2*g**2 + 3*g**3 + 5*g - 2*g**3 - 4*g**2. Suppose -2*v - 4 = -4*o - 18, 5*v = o + 26. Calculate j(v).
2
Suppose 11*p - 14 = 4*p. Let v(h) = -p - 2 - h - 1. Let r(d) = d**3 - 3*d**2 - 4*d. Let z be r(4). Give v(z).
-5
Let h(j) = -4*j + 25. Let y be h(6). Let i(o) = 14*o - 1. Give i(y).
13
Let k(w) = 2*w + 7. Let p be (-4 - 0)*(-10)/(-8). Calculate k(p).
-3
Let i(h) = h**3 - 3*h**2 + 4*h + 1. Let f(g) = g**3 - 23*g**2 - 2*g + 50. Let w be f(23). Calculate i(w).
33
Let b(n) = -n**3 - n**2 + n - 1. Suppose 0 = -3*a + 2*a. Let d be b(a). Let r be (6*4/6)/d. Let s(i) = 3*i + 6. Determine s(r).
-6
Let v(a) be the second derivative of -a**6/120 + a**5/20 - a**4/6 + a**3/2 + 3*a**2/2 + 3*a. Let q(z) be the first derivative of v(z). Calculate q(3).
-9
Let m(p) = 6*p - 1. Suppose 0 = 3*a + a - 32. Let l = a - 9. Give m(l).
-7
Let w be (-2)/(-6) + (-6)/(-9). Let l(s) = 4*s - w - s**2 + 2*s**2 - 3*s. Suppose -1 = -4*z + 3. Give l(z).
1
Let j(i) = i**3 - 5*i**2 + 2. Let u = -35 - -37. Determine j(u).
-10
Let p(x) = x**2 + 4*x - 1. Suppose -2*a + 45 = a - 2*l, 0 = -4*a + 4*l + 64. Suppose 11 = -4*m + z, -5*z = 4*m - 4*z + a. What is p(m)?
-4
Let p = -1 + 3. Suppose 4*j - p*j + 6 = 0. Let s(w) = -w**2 + w + 1. Let u(h) = -5*h**2 + 2*h + 8. Let c(r) = -4*s(r) + u(r). Give c(j).
1
Let q(k) = -k**2 + 4*k - 5. Let w(z) = -2*z + 7. Let j be w(6). Let s = 22 + -31. Let f = j - s. Calculate q(f).
-5
Let z(l) = 9*l - 10. Let r(n) = -9*n + 11. Let g(y) = -6*r(y) - 7*z(y). Let u(a) = 5*a - 2. Let v(f) = -6*g(f) - 11*u(f). Calculate v(-3).
1
Let p(z) = -z + 1. Let q be -1 + 5 + -6 + 3. Give p(q).
0
Let u(x) = -1 + x - 2*x - 2*x - x**2 + 0*x. What is u(-3)?
-1
Let x = 2 - 5. Let j = 5 + x. Let m(b) = 0*b**2 + 1 - 3*b + 0*b**2 + 5*b**2 - 4*b**2. Determine m(j).
-1
Let h(o) = o**2 + 5*o - 8. Suppose -l = -3*l + 24. Suppose 4*s + 36 = l. What is h(s)?
-2
Suppose 0*f = 2*f - 68. Suppose 4*m - 9 = 3. Suppose -6*n = -n + 3*y, -m*n + 5*y = -f. Let s(o) = o**3 - 3*o**2 - 2*o. Give s(n).
-6
Let w = 5 + -10. Let s(r) = 2*r**3 - 9*r**2 - 6*r - 6. Let g(l) = 3*l**3 - 17*l**2 - 12*l - 12. Let q(i) = 3*g(i) - 5*s(i). Calculate q(w).
-1
Let t(m) be the first derivative of -m**4/4 - m**3 - m**2 - m - 1. Let u = -4 - -6. Suppose 3*r + 11 = u. Calculate t(r).
5
Let f(l) = -3*l - 3*l + 2 - l**2 + 2. Let s(i) = -i**2 - 6*i + 7. Let t be s(-7). Suppose t*v - 5*v = 25. What is f(v)?
9
Let v(r) = -r. Suppose 2*y - 49 = 5*k, -4*y + 5*k + 80 = k. Suppose -42 = 5*w - y. Determine v(w).
5
Let k(d) = -d**2 - 4*d + 5. Let y be k(-4). Let x(r) = 3*r + 10 - 4*r - y. Calculate x(6).
-1
Let r(k) = -7*k + 1. Let t be r(1). Let s be (4 + t)/((-1)/2). Let x(l) = 5*l + l**3 - 2*l - 4*l**2 + 0*l + 0*l**2 - 6. What is x(s)?
6
Let k(c) = c**3 + c**2 - 3*c - 3. Suppose 5*y + 4*h = -0*h - 14, 0 = -2*y + 4*h. Calculate k(y).
-1
Let u(i) = i**2 + 8*i - 5. Let h(z) = -z**2 - 8*z + 6. Let f(t) = 5*h(t) + 6*u(t). Determine f(-7).
-7
Let j(p) = p**2 - 6*p + 4. Let w(i) = -2*i - 12. Let y be w(-9). Give j(y).
4
Let w(h) = 5*h**3 - 5*h**2 - 9*h. Let d(x) = -3*x**3 + 3*x**2 + 5*x. Let z(i) = -7*d(i) - 4*w(i). Suppose -q = 4*b - 2*b - 8, q = 4. What is z(b)?
6
Let g(t) be the second derivative of t**3/3 + 11*t**2/2 - 4*t. Let m be g(-7). Let u(j) = -j + 3. Calculate u(m).
6
Let p(l) = -l. Let d(w) = -4*w + 5. Let f(j) = d(j) - 5*p(j). Give f(-6).
-1
Suppose -v - 4*a - 20 = 0, 4*v + v - 5 = a. Let y be (-1 - v) + 1*3. Let x(f) = -3 + 3 + 2 + y*f -